 Suppose 0 = g - 0*g - 2, -g - 33 = -5*n. Calculate the greatest common divisor of n and q.
7
Let s = -18 + -3. Let w be 37 + (s + 1)/(-4). What is the highest common divisor of 12 and w?
6
Suppose -8*o + 2417 = -2407. What is the greatest common divisor of o and 9?
9
Suppose w + 3 = 0, -3*l + 32 + 211 = -w. What is the highest common factor of 90 and l?
10
Let x = -7 + 10. Suppose 0 = -5*r + x*r + 6. Suppose -a + 28 = -n, -20 = 4*a - 5*a + r*n. What is the highest common divisor of 8 and a?
8
Let j(l) = l**2 + 5*l + 6. Let y be j(-3). Let b = 42 - y. Calculate the greatest common factor of b and 6.
6
Let m be (-72)/(-4)*(-8)/6. Let o be (-15)/10*m/9. Suppose o*s = 38 + 18. What is the highest common divisor of s and 2?
2
Let x(g) be the second derivative of 5*g**4/12 + 17*g**3/6 + 5*g**2/2 + 28*g. Let q be x(-5). Let l = -12 + 30. What is the highest common divisor of l and q?
9
Let a be (1 + 1/(-3))*(-78)/(-4). What is the greatest common factor of a and 143?
13
Suppose -10 = 4*k - 6. Let m be 2 - ((k - -2) + -11). What is the highest common divisor of m and 6?
6
Let i be 0 - (-15 + (-5 - -6)). Let u = 42 - -14. What is the greatest common divisor of u and i?
14
Let i(k) = 9*k - 7. Let p be ((-4)/12)/(2/(-18)). Let y be i(p). What is the greatest common divisor of y and 20?
20
Let i(v) = 16 + 11 - 18 + 32*v. Let m be i(3). Calculate the highest common factor of 35 and m.
35
Let i(x) be the second derivative of -x**4/12 - x**3 - x**2/2 + 23*x. Let d be i(-4). What is the greatest common divisor of 7 and d?
7
Suppose 0*k - 2*k - 5*q + 396 = 0, -k + q = -212. Let h be 10160/k + (-2)/(-13). Calculate the highest common divisor of 441 and h.
49
Let n be ((-6)/4)/(1/(-24)). Let p be 2/22 - (-294)/33. Calculate the highest common divisor of p and n.
9
Let s(g) = -g**3 - 2*g**2 + 2*g + 3. Let c be s(-4). Suppose z = 2*z + 14. Let d be (-36)/z*504/c. What is the highest common divisor of 16 and d?
16
Let a be (-6)/((-12)/(-5))*-46. What is the highest common factor of 23 and a?
23
Suppose -i + 0*i - q + 3 = 0, -3*q = 2*i - 8. Suppose -w - i + 14 = 0. Calculate the highest common divisor of w and 143.
13
Let u(b) = b**3 + 10*b**2 - 7*b - 14. Let c be u(-10). Calculate the greatest common divisor of 49 and c.
7
Let x = 50 + -47. Suppose h + 34 = 2*c, -2*c - h = 2*c - 62. Let p = c - 4. What is the greatest common factor of x and p?
3
Let w = 16 + -12. Suppose -3*j = -w*u + j + 16, -u = 4*j + 6. Suppose u*v - 4*v + 72 = 0. What is the greatest common factor of 252 and v?
36
Let a = -207 - -315. Let v be -1*(1 - 0) + 2. Let y be (-18)/((-5)/10 - v). What is the highest common factor of y and a?
12
Suppose 0 = 4*t - 3*g + 4*g - 39, t + 5*g = 24. Let v = -23 + 113. What is the highest common divisor of v and t?
9
Suppose 2 = 2*w - 4. Suppose -w*x = x - 112. Let s = x - 16. What is the greatest common divisor of s and 108?
12
Let u(a) = -a + 9. Let l be u(9). Let v be l + (-200)/(-12)*3. Suppose -6 = -x - m + 13, -2*x + 3*m + 43 = 0. What is the greatest common factor of x and v?
10
Suppose 4*u - 32 = -4*u. Suppose 4*p + 4*k = 28, -u*k - 8 = -p + 14. Calculate the greatest common divisor of p and 90.
10
Let n(g) = 4*g**2 - 15*g + 203. Let b be n(16). What is the greatest common factor of 423 and b?
141
Let d be 4 - 2 - 2/(-2). Let l = -422 - -446. Calculate the greatest common divisor of l and d.
3
Let g be ((4752/40)/(-11))/(6/(-320)). What is the greatest common divisor of 64 and g?
64
Let y = 71 + -65. What is the highest common factor of 48 and y?
6
Let w(l) = l**2 - 3. Let r be w(-2). Let b(n) = -7*n**2 + 2*n**2 + 2*n**2 + 5*n**2. Let q be b(-1). Calculate the greatest common factor of r and q.
1
Let y(f) = 7*f. Let b be y(15). Suppose -4*z + 4 + 20 = 0. Suppose 27 = r + z. Calculate the highest common factor of b and r.
21
Let w be (-5)/25*-5 + 4. Suppose -w*j = 2*s - 67, 2*s + 3*j = j + 70. Calculate the greatest common factor of s and 60.
12
Let y = 126 + -106. Calculate the greatest common divisor of y and 12.
4
Let u = 8 - 12. Let s be ((-13)/2)/(2/u). Let i(f) = 3*f**2 + 9*f + 13. Let r be i(-3). What is the greatest common factor of r and s?
13
Suppose 232 - 1042 = -18*d. Suppose -g - 4*o + 1 = -12, -7 = -3*g + 4*o. Calculate the highest common factor of g and d.
5
Suppose 8*m - 4*m + 4 = 0. Let v be ((-9)/(-18))/(m/(-12)). Calculate the greatest common divisor of 48 and v.
6
Let g(h) = -h**3 - 7*h**2 + 8*h - 27. Let m be g(-9). Suppose 5*b + 0*i - m = -i, 0 = 5*b - 5*i - 45. What is the highest common divisor of 3 and b?
3
Suppose 0*c - 2*c = 0. Suppose c = 2*l - 53 - 7. Calculate the greatest common factor of l and 20.
10
Let r(p) = 2*p - 1. Let q be r(1). Let i be 16 + 2*q/2. Suppose 2*w - 3*s - 28 = 0, 2 = -w + 5*s + 9. What is the greatest common factor of w and i?
17
Let o = 717 - 681. What is the greatest common factor of o and 276?
12
Suppose -2*v + 20 = 2*v, -4*o = -5*v + 13. Let r be (6 + -5 + 1)*(-14)/(-14). What is the greatest common factor of o and r?
1
Let j(a) be the third derivative of 19*a**4/6 - a**3/3 - 13*a**2. Let n be j(2). What is the greatest common factor of n and 25?
25
Let l(k) = 13*k**2 + 16*k + 27. Let i be l(-4). Calculate the highest common factor of 18 and i.
9
Suppose -50 = -2*g + 30. Let l be 4*(-3 + g - -1). What is the highest common factor of l and 19?
19
Suppose 4*j - 684 = -2*n, -5*n + 821 = 2*j - 881. Suppose -k - t + 4 = -35, 3*t - 83 = -2*k. Calculate the greatest common divisor of k and n.
34
Let q(r) = 3*r**2 + 16*r - 55. Let k be q(-10). What is the greatest common divisor of 45 and k?
5
Let g be (-4)/(-30) + (-2598)/(-90). What is the highest common factor of 232 and g?
29
Let n be -1*2*17/(-2). Let v(p) = 194*p + 3138. Let w be v(-16). Calculate the highest common factor of n and w.
17
Let u be (1 + -7)/(-3) - 2. Suppose 0*x + 4*x - 16 = u. Let g be 2 - x/(12/(-291)). Calculate the highest common factor of 9 and g.
9
Let q be 8/(-44) - ((-9248)/(-22))/(-2). Calculate the greatest common factor of q and 75.
15
Let a(q) = -13*q - 11. Let h be 12/9*6/4. Let u be -2 + h - -3 - 14. Let r be a(u). Calculate the highest common factor of r and 12.
12
Let x(r) = 21*r**3 + r**2 - r + 1. Let u be -1 - 0/(-1) - -2. Let s be x(u). What is the highest common divisor of s and 55?
11
Suppose 0 = 11*z - 1864 - 5759. What is the highest common divisor of 21 and z?
21
Suppose -137 - 91 = -4*z. Suppose 0 = 2*h - 5*a - 58, 4*a - 44 = 4*h - 136. What is the highest common divisor of h and z?
19
Let t be 2256/66 - (20/(-11) + 2). Suppose 5*g - 5*a = 184 + 71, -g = -3*a - 51. Calculate the greatest common divisor of g and t.
17
Suppose 4*n - 15 + 4 = -i, 0 = -3*i - n + 33. Suppose -3*s - 4*m = -i, 4*m = -0*m - 4. What is the highest common divisor of s and 20?
5
Let h(n) = n**3 - 3*n**2 + 4*n - 1. Let x be h(4). What is the highest common factor of 31 and x?
31
Let j be 3 + (3/(12/(-448)) - 0). Let p = -65 - j. What is the greatest common factor of p and 22?
22
Let i be (1 - -2)/((-6)/(-506)). Let z be (-5)/10 + i/2. Calculate the highest common divisor of z and 14.
14
Let s(i) = 6*i**3 - 9*i**2 - 12*i + 32. Let h be s(4). Calculate the highest common factor of h and 280.
56
Let d = -64 + 66. Suppose 0 = d*h - 4, -5*v + v - 3*h + 62 = 0. Calculate the greatest common divisor of 14 and v.
14
Suppose -6 = -d - 5*n, -5*d + 3*n = 4*n - 78. Suppose 5*g + 35 = p, 29 = p + 2*p + 4*g. Let u = 17 - p. What is the highest common divisor of u and d?
2
Let y be 5/(1 - (2 + -2)). Let n(u) = 59*u - 20. Let x be n(y). What is the greatest common divisor of x and 25?
25
Let p be (-4)/(12/(-3)) + 4. Suppose 2 + 8 = -p*y, 0 = -o + 2*y + 48. What is the highest common divisor of o and 110?
22
Let o(r) be the first derivative of 29*r**4/4 + r**3/3 - 2*r - 12. Let t be o(1). What is the greatest common divisor of t and 7?
7
Let o = -408 - -859. Calculate the highest common factor of o and 11.
11
Suppose 2*z + z - 15 = 0. Suppose 3*r = -2*t + 128, -z*t = -2*r - 71 - 287. Let d be 1344/72*3/2. What is the greatest common divisor of d and t?
14
Let m(i) = 7*i**2 + 11*i + 37. Let w be m(-4). Let l(j) = -12*j - 6. Let o be l(-4). Calculate the highest common divisor of w and o.
21
Let b(n) = 2*n**3 - 10*n**2 - 13*n + 60. Let s be b(6). Suppos